4 is divided by 8183?
729
Calculate the remainder when 11963662 is divided by 30.
22
Calculate the remainder when 4338 is divided by 479.
27
What is the remainder when 5204386 is divided by 15535?
161
Calculate the remainder when 215028 is divided by 19538.
110
What is the remainder when 885364 is divided by 466?
430
Calculate the remainder when 37175 is divided by 7362.
365
What is the remainder when 203934 is divided by 368?
62
Calculate the remainder when 108620 is divided by 412.
264
What is the remainder when 175738957 is divided by 21?
16
Calculate the remainder when 921258 is divided by 1496.
1218
Calculate the remainder when 4816169 is divided by 57.
11
Calculate the remainder when 379192 is divided by 126389.
25
Calculate the remainder when 1620788 is divided by 25.
13
Calculate the remainder when 782724 is divided by 2211.
30
Calculate the remainder when 4751 is divided by 1187.
3
What is the remainder when 2268647 is divided by 2268636?
11
What is the remainder when 1141635 is divided by 285327?
327
What is the remainder when 8881369 is divided by 592091?
4
What is the remainder when 25005082 is divided by 415?
87
What is the remainder when 19725109 is divided by 481100?
9
What is the remainder when 4429316 is divided by 1018?
1016
Calculate the remainder when 41749 is divided by 8349.
4
What is the remainder when 57329932 is divided by 4409992?
36
Calculate the remainder when 2922024 is divided by 1686.
186
What is the remainder when 4845153 is divided by 178?
171
Calculate the remainder when 51886 is divided by 2105.
1366
Calculate the remainder when 3237472 is divided by 82.
30
What is the remainder when 952284 is divided by 8227?
6179
Calculate the remainder when 6338297 is divided by 369.
353
Calculate the remainder when 2240884 is divided by 3310.
14
What is the remainder when 23740744 is divided by 550?
544
What is the remainder when 11620156 is divided by 3034?
2970
What is the remainder when 1855113 is divided by 9561?
279
Calculate the remainder when 114890 is divided by 660.
50
What is the remainder when 11753 is divided by 11136?
617
What is the remainder when 145154178 is divided by 398?
394
What is the remainder when 22417 is divided by 3238?
2989
What is the remainder when 1112086 is divided by 16354?
14
What is the remainder when 47249068 is divided by 201?
199
What is the remainder when 1540723 is divided by 1264?
1171
Calculate the remainder when 90823548 is divided by 3008.
3004
What is the remainder when 248886 is divided by 41371?
660
What is the remainder when 95377 is divided by 2338?
1857
What is the remainder when 594137 is divided by 197908?
413
Calculate the remainder when 8239763 is divided by 77.
70
What is the remainder when 530861 is divided by 10409?
2
Calculate the remainder when 669184 is divided by 121.
54
Calculate the remainder when 445662 is divided by 445394.
268
What is the remainder when 968027 is divided by 862?
1
What is the remainder when 88617 is divided by 1587?
1332
What is the remainder when 1365769 is divided by 5711?
840
Calculate the remainder when 31352 is divided by 7644.
776
What is the remainder when 4382076 is divided by 40?
36
What is the remainder when 1040674 is divided by 346882?
28
Calculate the remainder when 232539 is divided by 152.
131
Calculate the remainder when 363944862 is divided by 125.
112
Calculate the remainder when 238783 is divided by 119344.
95
What is the remainder when 461263 is divided by 115236?
319
Calculate the remainder when 46274 is divided by 4128.
866
Calculate the remainder when 1521777 is divided by 253625.
27
What is the remainder when 165367 is divided by 5273?
1904
What is the remainder when 59311 is divided by 581?
49
Calculate the remainder when 10109167 is divided by 54.
43
What is the remainder when 217987 is divided by 3824?
19
What is the remainder when 1207604 is divided by 865?
64
What is the remainder when 686575072 is divided by 398?
396
What is the remainder when 174980 is divided by 554?
470
Calculate the remainder when 283511 is divided by 110.
41
Calculate the remainder when 258496 is divided by 5744.
16
What is the remainder when 67146 is divided by 308?
2
What is the remainder when 10912454 is divided by 113667?
422
Calculate the remainder when 137859 is divided by 67944.
1971
What is the remainder when 65096 is divided by 10808?
248
What is the remainder when 75511 is divided by 74797?
714
Calculate the remainder when 729006 is divided by 675.
6
Calculate the remainder when 40164 is divided by 9138.
3612
Calculate the remainder when 769810 is divided by 484.
250
What is the remainder when 8428588 is divided by 857?
850
Calculate the remainder when 105488 is divided by 1652.
1412
What is the remainder when 3387091 is divided by 423386?
3
What is the remainder when 136597 is divided by 136143?
454
Calculate the remainder when 2900530 is divided by 1786.
66
What is the remainder when 22736008 is divided by 6?
4
Calculate the remainder when 7947778 is divided by 49986.
4
Calculate the remainder when 1885883 is divided by 25145.
8
What is the remainder when 392827 is divided by 294?
43
What is the remainder when 150430453 is divided by 150430435?
18
What is the remainder when 611296 is divided by 611223?
73
What is the remainder when 32992 is divided by 1270?
1242
What is the remainder when 122612 is divided by 592?
68
Calculate the remainder when 7867 is divided by 6744.
1123
Calculate the remainder when 276877097 is divided by 21.
14
What is the remainder when 63331 is divided by 9655?
5401
Calculate the remainder when 9951173 is divided by 13539.
8
Calculate the remainder when 182437860 is divided by 2193.
2190
Calculate the remainder when 11270113 is divided by 173386.
23
What is the remainder when 993720 is divided by 740?
640
Calculate the remainder when 7644515 is divided by 260.
255
Calculate the remainder when 33415 is divided by 11107.
94
Calculate the remainder when 1526662 is divided by 763237.
188
Calculate the remainder when 28803942 is divided by 15.
12
Calculate the remainder when 1105925 is divided by 2957.
7
What is the remainder when 44637073 is divided by 225?
223
What is the remainder when 30988 is divided by 998?
50
What is the remainder when 20373 is divided by 3363?
195
Calculate the remainder when 7912830 is divided by 2348.
70
What is the remainder when 13789952 is divided by 372701?
15
What is the remainder when 219900738 is divided by 18?
12
Calculate the remainder when 887066 is divided by 977.
927
What is the remainder when 3567034 is divided by 83?
26
What is the remainder when 192543946 is divided by 19?
17
Calculate the remainder when 7489276 is divided by 31335.
211
What is the remainder when 68981 is divided by 65192?
3789
Calculate the remainder when 5218865 is divided by 61394.
375
Calculate the remainder when 108848 is divided by 3025.
2973
Calculate the remainder when 5202988 is divided by 1018.
1008
Calculate the remainder when 97148 is divided by 3433.
1024
Calculate the remainder when 7873 is divided by 7624.
249
What is the remainder when 84361 is divided by 41280?
1801
Calculate the remainder when 25871714 is divided by 27879.
2
What is the remainder when 196889 is divided by 1179?
1175
What is the remainder when 443370 is divided by 440830?
2540
What is the remainder when 689605 is divided by 86182?
149
What is the remainder when 15959288 is divided by 2087?
2086
Calculate the remainder when 7863435 is divided by 11138.
7
What is the remainder when 306399733 is divided by 20?
13
What is the remainder when 405117 is divided by 7643?
38
What is the remainder when 4421662 is divided by 621?
142
Calculate the remainder when 683414 is divided by 97563.
473
Calculate the remainder when 942722 is divided by 104.
66
What is the remainder when 9479412 is divided by 115?
77
Calculate the remainder when 179635 is divided by 153.
13
What is the remainder when 16657 is divided by 5426?
379
What is the remainder when 15160899 is divided by 2456?
11
What is the remainder when 204583 is divided by 1599?
1510
Calculate the remainder when 1345232 is divided by 529.
514
Calculate the remainder when 2019344 is divided by 16552.
0
Calculate the remainder when 83694992 is divided by 10151.
10148
Calcula